
Calculate the greatest common factor of 26688 and 278.
278
Calculate the highest common factor of 7805 and 385.
35
What is the highest common divisor of 5427 and 405?
81
Calculate the greatest common divisor of 1588 and 12.
4
Calculate the greatest common factor of 144 and 90.
18
What is the greatest common divisor of 4717 and 106?
53
Calculate the greatest common divisor of 73 and 11.
1
What is the greatest common factor of 119 and 323?
17
Calculate the greatest common factor of 9 and 711.
9
Calculate the greatest common divisor of 77580 and 180.
180
What is the highest common divisor of 235 and 35?
5
What is the greatest common divisor of 6 and 13554?
6
What is the greatest common factor of 122 and 671?
61
What is the highest common factor of 160 and 100?
20
What is the greatest common divisor of 55 and 1510?
5
What is the greatest common divisor of 230 and 46?
46
Calculate the highest common factor of 248 and 80.
8
Calculate the highest common divisor of 5185 and 187.
17
What is the greatest common divisor of 46 and 10?
2
What is the highest common factor of 323 and 17?
17
What is the greatest common factor of 48 and 2832?
48
Calculate the highest common divisor of 66 and 176.
22
What is the greatest common factor of 4325 and 5?
5
Calculate the greatest common divisor of 2 and 57.
1
Calculate the greatest common factor of 52 and 41119.
13
Calculate the highest common divisor of 16 and 248.
8
What is the highest common divisor of 84 and 63?
21
What is the highest common factor of 3580 and 20?
20
Calculate the greatest common divisor of 3470 and 40.
10
Calculate the greatest common divisor of 367 and 2.
1
What is the highest common factor of 3 and 1167?
3
Calculate the highest common factor of 24 and 32.
8
What is the greatest common divisor of 8 and 172?
4
What is the highest common divisor of 16 and 8192?
16
Calculate the highest common factor of 615 and 15.
15
What is the greatest common factor of 1197 and 57?
57
Calculate the greatest common divisor of 11 and 32329.
11
Calculate the greatest common divisor of 2 and 3.
1
What is the greatest common divisor of 3542 and 616?
154
What is the highest common divisor of 4224 and 55?
11
What is the highest common factor of 36 and 90?
18
What is the greatest common factor of 6 and 7962?
6
Calculate the highest common divisor of 2166 and 114.
114
Calculate the greatest common factor of 5 and 2.
1
Calculate the highest common divisor of 3 and 199.
1
What is the greatest common divisor of 224 and 21?
7
What is the greatest common factor of 8 and 214?
2
Calculate the greatest common divisor of 116 and 319.
29
What is the greatest common divisor of 44 and 385?
11
What is the highest common factor of 585 and 1935?
45
What is the greatest common divisor of 6512 and 74?
74
Calculate the greatest common divisor of 12386 and 22.
22
Calculate the highest common divisor of 44 and 275.
11
What is the highest common factor of 2392 and 78?
26
What is the highest common factor of 476 and 68?
68
What is the highest common divisor of 248 and 72?
8
What is the highest common divisor of 6534 and 1026?
54
What is the greatest common factor of 24 and 34?
2
Calculate the greatest common divisor of 152 and 1805.
19
What is the highest common factor of 1119 and 3?
3
What is the highest common divisor of 339 and 18?
3
Calculate the greatest common divisor of 332 and 9877.
83
What is the highest common factor of 6 and 42?
6
What is the greatest common divisor of 7 and 763?
7
Calculate the greatest common divisor of 7776 and 32.
32
What is the greatest common factor of 109 and 27359?
109
What is the highest common divisor of 112 and 182?
14
What is the greatest common factor of 429 and 117?
39
What is the greatest common factor of 140 and 16?
4
Calculate the greatest common factor of 86 and 4042.
86
What is the highest common divisor of 12 and 92?
4
What is the greatest common divisor of 75 and 1875?
75
What is the highest common divisor of 3601 and 13?
13
Calculate the greatest common divisor of 7188 and 6.
6
What is the highest common factor of 27432 and 27?
27
What is the highest common factor of 108 and 48?
12
What is the highest common factor of 4 and 438?
2
Calculate the greatest common divisor of 5415 and 60.
15
Calculate the greatest common divisor of 1251 and 153.
9
What is the greatest common factor of 28 and 6342?
14
Calculate the highest common factor of 26 and 702.
26
What is the greatest common divisor of 1422 and 288?
18
Calculate the highest common divisor of 2128 and 784.
112
Calculate the greatest common factor of 22529 and 13.
13
What is the greatest common divisor of 1728 and 27?
27
Calculate the highest common factor of 1 and 245.
1
What is the greatest common factor of 12 and 78?
6
What is the highest common divisor of 312 and 32?
8
Calculate the greatest common divisor of 970 and 10.
10
Calculate the highest common divisor of 1 and 29.
1
Calculate the greatest common factor of 170 and 80.
10
What is the greatest common factor of 9 and 20457?
9
What is the greatest common factor of 108 and 1332?
36
What is the highest common divisor of 3278 and 44?
22
What is the highest common factor of 8 and 12?
4
Calculate the highest common factor of 52375 and 25.
25
Calculate the highest common divisor of 5 and 16.
1
What is the greatest common divisor of 156 and 65?
13
Calculate the greatest common divisor of 192 and 216.
24
What is the greatest common factor of 1092 and 140?
28
Calculate the highest common factor of 7 and 497.
7
What is the highest common factor of 473 and 774?
43
What is the highest common factor of 1057 and 56?
7
Calculate the highest common factor of 2108 and 5032.
68
What is the highest common divisor of 496 and 48?
16
Calculate the highest common divisor of 2190 and 255.
15
Calculate the highest common factor of 130 and 50.
10
What is the highest common factor of 60 and 108?
12
What is the greatest common factor of 24258 and 78?
78
What is the greatest common factor of 4 and 1000?
4
Calculate the greatest common divisor of 9 and 873.
9
Calculate the highest common factor of 89 and 1513.
89
Calculate the highest common divisor of 1089 and 198.
99
What is the highest common factor of 883 and 1?
1
Calculate the highest common factor of 38 and 513.
19
Calculate the greatest common factor of 236 and 59.
59
What is the highest common factor of 42188 and 424?
212
Calculate the highest common factor of 923 and 143.
13
What is the highest common factor of 48 and 168?
24
What is the greatest common factor of 64 and 2?
2
What is the highest common divisor of 833 and 392?
49
What is the greatest common factor of 14 and 10?
2
What is the greatest common factor of 52 and 1924?
52
What is the greatest common factor of 13006 and 14?
14
Calculate the greatest common divisor of 2289 and 42.
21
What is the highest common divisor of 3075 and 25?
25
What is the highest common divisor of 44376 and 24?
24
Calculate the greatest common factor of 2700 and 315.
45
Calculate the highest common factor of 2704 and 3718.
338
What is the highest common divisor of 980 and 420?
140
What is the highest common divisor of 1008 and 7?
7
What is the highest common factor of 4698 and 812?
58
What is the highest common factor of 1 and 131?
1
Calculate the greatest common factor of 112 and 7.
7
What is the greatest common divisor of 4756 and 164?
164
Calculate the greatest common divisor of 100 and 40.
20
Calculate the highest common divisor of 243 and 135.
27
What is the highest common factor of 22 and 77?
11
What is the highest common factor of 1440 and 576?
288
Calculate the highest common divisor of 3534 and 342.
114
Calculate the highest common factor of 351 and 91.
13
What is the greatest common factor of 189 and 399?
21
Calculate the highest common divisor of 240 and 249.
3
What is the highest common divisor of 2133 and 81?
27
What is the highest common divisor of 1184 and 7844?
148
Calculate the greatest common factor of 1189 and 29.
29
Calculate the highest common divisor of 4252 and 8.
4
Calculate the greatest common factor of 6 and 4.
2
What is the highest common factor of 48 and 66?
6
What is the highest common factor of 924 and 294?
42
What is the greatest common divisor of 3091 and 33?
11
Calculate the greatest 